(j) = j**2 - 2*j + 2. What is the tens digit of q(6)?
2
Let u(v) = -v**3 - 18*v**2 - 19*v + 21. Let z be u(-17). Let x = 108 - z. What is the tens digit of x?
5
Let h(q) = -13*q + 1. Let i be h(-2). Let j = i + -2. What is the tens digit of j?
2
What is the units digit of (-2*480/(-18))/((-4)/(-18))?
0
Let q = 22 + -16. Suppose q = -o + 24. What is the units digit of o?
8
Let r = 1 - 3. Let x = 12 + r. What is the units digit of x?
0
Let m(k) = -k**2 - k + 4. Let n be m(3). Let j = -2 - n. What is the units digit of j?
6
What is the hundreds digit of (-7 + 11)*(3 - (-414)/8)?
2
Let i(v) = v**3 - 2*v - 1. Let u be i(2). Let m(o) = o**3 - 3*o**2 + 3*o + 4. What is the units digit of m(u)?
3
Let y be ((-260)/12)/((-2)/6). Let v = -45 + y. What is the units digit of v?
0
What is the hundreds digit of (33/(-165))/((-1)/1795)?
3
Let b(m) = 1 + 2*m + m**2 + 1 - 11*m**2. Let h(q) = 10*q**2 - 2*q - 1. Let z(i) = 2*b(i) + 3*h(i). What is the units digit of z(1)?
9
Let y(f) = f**3 - 5*f**2 - 8*f + 9. Let a be y(6). Let u(l) = 2*l + 20. Let v(k) = k + 10. Let n(o) = a*u(o) + 7*v(o). What is the units digit of n(-7)?
3
Let x(m) = m**3 - 8*m**2 + m - 7. Let t be x(8). Suppose i + t = -1. What is the units digit of 10 - (i - -1 - -1)?
0
Suppose -3*k + 2*k = -5*f - 1, -5*k - 5*f = -35. What is the units digit of k?
6
Suppose -2*s - 2*s + 32 = 0. Let o be 130/2*s/10. Suppose -h = 3*h - o. What is the tens digit of h?
1
Let x be 1*(2 - 2 - -2). Suppose x*b = -2*b + 8. Suppose b*i - 15 = -i. What is the units digit of i?
5
Let f = -135 - -190. What is the units digit of f?
5
Suppose 2*s + 14 = -0*k + k, -5*k - 20 = 0. Let w = 3 - s. Suppose w = 2*q - 0. What is the units digit of q?
6
Let r be -10*1/((-5)/2). Let i be (-4)/10 - (-21)/15. What is the units digit of (i - 0)/(r/4)?
1
Let o(j) = 2*j. Let g be o(3). What is the tens digit of (-4)/g*(-165)/10?
1
Let i be (-2)/(-3) + (-38)/(-6). Suppose -4*q = -3*c - 21, -c = q - 0*c. Let u = i - q. What is the units digit of u?
4
Suppose -4*o - 4*h + 17 + 7 = 0, 3*o + h = 14. Let v = 5 - o. What is the units digit of v?
1
Let k = 15 + -9. Let l be 276/(-18)*k/4. Let s = -15 - l. What is the units digit of s?
8
Let n = 524 - 309. What is the hundreds digit of n?
2
Let z = 130 - 43. Let s = 195 - z. Suppose 4*r - 6*r + 2*j = -48, 5*r - j - s = 0. What is the tens digit of r?
2
Let v(r) = r**2 - 5*r + 6. Let s be v(5). Suppose 6 = 4*j - s. Suppose j*k = 11 + 7. What is the units digit of k?
6
Let f(c) = -c**2 - 7*c + 9. Let b be f(-7). Suppose -5*q = -2*u + 13, -4*u + 9 = -2*q - b. Suppose -2*i + u*i = 10. What is the units digit of i?
5
Let c be (-96)/(-2) - (-6)/3. Let p = 30 - c. What is the units digit of (-20)/(-6)*(-48)/p?
8
Suppose 0 = 4*b - 14 + 6. Suppose 4*h - 2*n = 120, -h - b*n - 91 = -4*h. What is the tens digit of h?
2
Suppose -10*x = -5*x - 140. What is the tens digit of x?
2
Let g(s) = s**2 - s + 105. What is the tens digit of g(0)?
0
Let m = -3 + 3. Let z(u) = -u**3 - u**2 + u + 4. Let y be z(m). Suppose -40 = -y*j + 12. What is the tens digit of j?
1
Let m(v) = v - 3*v**2 + 0 + 2 + 0*v**2 + 4*v**2. Let p be m(-3). Suppose -p = -r + 1. What is the units digit of r?
9
Let j(r) = 3*r + 6. Let u be j(8). Suppose -3*a = 3*h - u, -4*a + 70 = 4*h - 6*a. What is the units digit of h?
5
Suppose -5*h - 5*q - 40 = 0, 3*h + 10 = 5*q - 6. Let v be 5 + 3 + -2 + -1. Let a = v - h. What is the units digit of a?
2
Let l be 9 + -3*2/3. What is the tens digit of 16 - l/(14/(-4))?
1
Let k = 18 + 15. Suppose -29 = -5*v + 2*w, -2*v - 4*w = v - k. Let i = v - 5. What is the units digit of i?
2
Let c = -40 + 42. What is the units digit of c?
2
Let t(g) = 2*g - 1. Let y be t(-1). What is the units digit of 10 - (0/y)/(-3)?
0
What is the units digit of 41 + -1 - (-9 - -8)?
1
Suppose 0*s - 482 = -3*s + z, 479 = 3*s - 4*z. What is the hundreds digit of s?
1
Let p(k) be the first derivative of -k**4/4 + 4*k**3/3 + 5*k**2/2 - 3*k - 9. Let x = 4 + 0. What is the units digit of p(x)?
7
Let u be 30/(-6)*8/10. What is the units digit of (u*(1 + -4))/1?
2
Let c(p) = p**2 - 1. Let b be 2/5 + (-6)/(-10). Let y be c(b). Suppose -4*f - f - n + 78 = y, n = 3. What is the tens digit of f?
1
Let c = -11 + 3. Let i(g) = -g - 2. What is the units digit of i(c)?
6
Let m(i) = 2*i + 2*i**2 + 2*i**2 - 4 + 0*i. What is the units digit of m(2)?
6
Suppose 0 = 5*s - 15 - 5. Let v(q) = q + 1. What is the units digit of v(s)?
5
Suppose 0 = 3*z + 13 - 112. What is the units digit of ((-1)/((-3)/z))/1?
1
Let d = 2 - 8. Let q = 7 + d. What is the units digit of q?
1
Let i(o) = -16*o - 5. What is the units digit of i(-3)?
3
Suppose -1776 - 328 = -8*m. What is the tens digit of m?
6
Suppose -w = 3*j - 2*j - 7, -5*j + 27 = w. Let f(h) = 2*h**3 - 2*h**2 - 2*h + 2. What is the units digit of f(w)?
6
Suppose -40 = 8*m - 3*m. Let k(j) = -6 + j + 4 - 2*j. What is the units digit of k(m)?
6
Let z be 38/8 + (-3)/(-12). Suppose -z*p - 70 = -10*p. What is the tens digit of p?
1
Let f be (0/6)/(2 + -1). Suppose -r + 2*h - 7 = f, 7*r + 2*h = 2*r + 13. What is the units digit of r?
1
Suppose 2*k = -3*k - 20. Let a be 34/k*(2 + 0). Let g = -12 - a. What is the units digit of g?
5
Suppose -k + 4 = -2*f, -k - f = -3*k + 11. Let s = 9 - k. Suppose -x + 21 = x + s*d, 13 = x + 4*d. What is the units digit of x?
9
Let n(v) = -3*v**3 + 4*v**2 + 5*v + 2. What is the tens digit of n(-3)?
0
Let k be 4/(-6)*(4 - -50). Let v be (k + 2)/2 - 0. Let j = v - -29. What is the tens digit of j?
1
Suppose 0 = -5*h + 20. Suppose -2*y - 6 = -5*b, -h*b = y - 13 + 3. Suppose y = -0*n + n. What is the units digit of n?
2
Let q(v) = -4*v + 1. What is the units digit of q(-14)?
7
Let c(v) = -3*v**3 - v + 2*v**3 + v - 4*v - 5*v**2. What is the units digit of c(-5)?
0
Suppose y + 25 = 6*y. Suppose -o + y*q = -7, -o - 4*o + 81 = -2*q. Let t = -10 + o. What is the units digit of t?
7
Let h(r) = -r + 56. Let a be h(0). Let c = a + -22. What is the units digit of c?
4
What is the tens digit of 36/(-5 + -1) + 140?
3
Let k = 64 + -24. What is the tens digit of k?
4
Suppose -2*d = 2*w - 12, w + 7 = -2*w + 2*d. Let v(a) = 29*a - 1. What is the tens digit of v(w)?
2
Let g = 33 - -18. What is the tens digit of g?
5
Let p = -17 - -81. What is the tens digit of p?
6
Suppose o - 42 = -o. Suppose 5*x = -p + 8 + 2, -5*p = -3*x + 34. Suppose -q - x*u = q - 25, 3*q = u + o. What is the units digit of q?
8
Suppose -2*p - 3*p + 132 = 4*t, -p + 4*t + 12 = 0. Suppose s = -s + 5*g + p, 2*g = 3*s - 14. What is the units digit of s?
2
Suppose 315 - 86 = v. What is the units digit of v?
9
Suppose -5*d = -f - 6, d - 3*f + 2 + 8 = 0. Suppose 5*j + 0*r = d*r + 139, 0 = -2*j - 3*r + 67. What is the units digit of j?
9
Suppose -12 = -3*a + 2*l, 0*l = 5*a - l - 13. Suppose -a*b = -72 - 4. What is the units digit of b?
8
What is the hundreds digit of (8/24)/((-1)/(-678))?
2
Let d be 4 - (3 + 1)/(-4). Suppose 5*c = 160 - 15. Suppose -m + 3*m + d*q = c, 3*m = q + 18. What is the units digit of m?
7
Let y(k) be the third derivative of k**6/360 - k**5/20 + k**4/12 + 2*k**2. Let h(s) be the second derivative of y(s). What is the units digit of h(4)?
2
Let x = 50 + -8. What is the tens digit of x?
4
Let p be (-3 - -2)*(-3 - -1). Let s(r) = -p + 0*r**2 + 4*r**2 - r - 3*r**2. What is the units digit of s(3)?
4
Suppose -4 = 2*a + 2*x, -a - 3*x = -0*a + 10. Let y(p) = p**2 + 9*p + 8. Let q be y(-6). What is the units digit of q/(-4)*(0 + a)?
5
Let j = -5 - -5. Suppose j = g - 2*a - 19, 2*a = -3*g + a + 43. What is the units digit of g?
5
What is the units digit of -2 + (15 - -2 - -3)?
8
Suppose -k = -4*k + 21. Let c = k + -4. Suppose -c*a - z = 4*z - 37, -4*z + 24 = 2*a. What is the units digit of a?
4
Let d(t) = -t**3 - 9*t**2 - 2*t - 7. Let h be d(-9). Suppose 1 = -5*l + h. Suppose -2*o = -2*i - 14, -5*o - i - l*i + 3 = 0. What is the units digit of o?
3
Suppose 0 = -3*y - 4*h + 13, 2*h + h + 9 = 4*y. Suppose 10 = z + y. What is the units digit of z?
7
Let z = 9 - 0. Let q = z + -5. Suppose p + 29 = 3*v - q*p, -8 = -v + 2*p. What is the tens digit of v?
1
Suppose 2*k + a - 101 = 0, 4*k - k + 4*a - 144 = 0. What is the units digit of 4/(-6) - k/(-6)?
8
Suppose -2*u = 6 + 6. What is the tens digit of (-134)/u - (-8)/12?
2
Let v = 93 + 104.